{"id":1197,"date":"2023-03-07T17:09:31","date_gmt":"2023-03-07T16:09:31","guid":{"rendered":"https:\/\/bgpromoteur.fr\/?page_id=1197"},"modified":"2025-02-12T14:44:55","modified_gmt":"2025-02-12T13:44:55","slug":"fosses-residence-les-edelweiss","status":"publish","type":"page","link":"https:\/\/bgpromoteur.fr\/index.php\/fosses-residence-les-edelweiss\/","title":{"rendered":"Fosses &#8211; R\u00e9sidence Les Edelweiss"},"content":{"rendered":"\n<h2 class=\"wp-block-heading\">21 logements de standing \u00e0 Fosses (95)<\/h2>\n\n\n\n<figure class=\"wp-block-image size-large\"><img loading=\"lazy\" decoding=\"async\" width=\"1024\" height=\"321\" src=\"https:\/\/bgpromoteur.fr\/wp-content\/uploads\/2025\/02\/fosses_slide-1024x321.jpg\" alt=\"\" class=\"wp-image-1794\" srcset=\"https:\/\/bgpromoteur.fr\/wp-content\/uploads\/2025\/02\/fosses_slide-1024x321.jpg 1024w, https:\/\/bgpromoteur.fr\/wp-content\/uploads\/2025\/02\/fosses_slide-300x94.jpg 300w, https:\/\/bgpromoteur.fr\/wp-content\/uploads\/2025\/02\/fosses_slide-768x240.jpg 768w, https:\/\/bgpromoteur.fr\/wp-content\/uploads\/2025\/02\/fosses_slide-1536x481.jpg 1536w, https:\/\/bgpromoteur.fr\/wp-content\/uploads\/2025\/02\/fosses_slide.jpg 1920w\" sizes=\"auto, (max-width: 1024px) 100vw, 1024px\" \/><\/figure>\n\n\n\n<h2 class=\"wp-block-heading\">Vivre \u00e0 Fosse\u2026 Une ville \u00e0 la campagne !<\/h2>\n\n\n\n<p>Cette commune de moins de 10 000 habitants poss\u00e8de six \u00e9coles, un coll\u00e8ge et un lyc\u00e9e. Les infrastructures sportives sont d\u00e9finies notamment par deux gymnases, des cours de tennis et une piscine intercommunale.<\/p>\n\n\n\n<h2 class=\"wp-block-heading\">Une r\u00e9sidence id\u00e9alement situ\u00e9e<\/h2>\n\n\n\n<p>La r\u00e9sidence est situ\u00e9e dans une rue calme du vieux Fosse. Les 21 logements collectifs de la r\u00e9sidence priv\u00e9e Les Edelweiss sont r\u00e9partis sur 3 b\u00e2timents. Le b\u00e2timent C compte 9 logements (3 T2 et 6 T3) et les b\u00e2timents D et E seulement 6 logements (2 T2 et 4 T3). Les r\u00e9sidents disposent d\u2019une totalit\u00e9 de 34 places de stationnement s\u00e9curis\u00e9es.<\/p>\n\n\n\n<figure class=\"wp-block-image size-large\"><img loading=\"lazy\" decoding=\"async\" width=\"1024\" height=\"788\" src=\"https:\/\/bgpromoteur.fr\/wp-content\/uploads\/2023\/03\/insertion_les_edelweiss_fosses-1024x788.jpg\" alt=\"\" class=\"wp-image-1201\" srcset=\"https:\/\/bgpromoteur.fr\/wp-content\/uploads\/2023\/03\/insertion_les_edelweiss_fosses-1024x788.jpg 1024w, https:\/\/bgpromoteur.fr\/wp-content\/uploads\/2023\/03\/insertion_les_edelweiss_fosses-300x231.jpg 300w, https:\/\/bgpromoteur.fr\/wp-content\/uploads\/2023\/03\/insertion_les_edelweiss_fosses-768x591.jpg 768w, https:\/\/bgpromoteur.fr\/wp-content\/uploads\/2023\/03\/insertion_les_edelweiss_fosses-1536x1182.jpg 1536w, https:\/\/bgpromoteur.fr\/wp-content\/uploads\/2023\/03\/insertion_les_edelweiss_fosses.jpg 1746w\" sizes=\"auto, (max-width: 1024px) 100vw, 1024px\" \/><\/figure>\n\n\n\n<p><strong>STATIONNEMENT<br><\/strong>34 places de stationnement ext\u00e9rieures dont 2 PMR.<br><strong>PARTIES COMMUNES DES BATIMENTS<br><\/strong>L\u2019\u00e9clairage se fait par des spots d\u00e9tecteurs de pr\u00e9sence.<br><strong>MENUISERIES EXTERIEURES<br><\/strong>Fen\u00eatres et portes-fen\u00eatres en bois peint.<br>Garde-corps et lisses en m\u00e9tal.<br>Volets battants en bois peint ou volets roulants \u00e9lectriques en lame PVC.<br><strong>CHAUFFAGE CENTRAL INDIVIDUEL<br><\/strong>Chauffage au gaz par une chaudi\u00e8re individuelle.<br><strong>EQUIPEMENT EN EAU<br><\/strong>Production d\u2019eau chaude individuelle par une chaudi\u00e8re.<br>Compteurs individuels.<br><strong>VENTILATION<br><\/strong>Renouvellement d\u2019air par ventilation m\u00e9canique contr\u00f4l\u00e9e collective (hygro B).<br><strong>EQUIPEMENTS FIBRE OPTIQUE<br><\/strong>Le raccordement \u00e0 la fibre sera pr\u00e9vu.<br><strong>EQUIPEMENTS TELEPHONIQUES<br><\/strong>Chaque appartement est \u00e9quip\u00e9 d\u2019au moins deux prises t\u00e9l\u00e9phoniques, dont une situ\u00e9e dans le s\u00e9jour et l\u2019autre dans la chambre principale.<br><strong>EQUIPEMENTS TELEVISION<br><\/strong>Equipement commun permettant la r\u00e9ception TNT.<br>Une prise TV dans le s\u00e9jour et dans la chambre principale.<br><strong>EQUIPEMENTS SALLE DE BAIN<br><\/strong>Meuble de salle de bain avec vasque en r\u00e9sine.<br>Receveur de douche en gr\u00e9s.<\/p>\n\n\n\n<p><strong>EQUIPEMENTS CUISINE<br><\/strong>Cuisine \u00e9quip\u00e9e comprenant \u00e9vier en r\u00e9sine, plaques vitroc\u00e9ramiques 3 feux.<br>Hotte \u00e0 recyclage, meubles hauts et bas.<br>Cr\u00e9dence m\u00e9lamin\u00e9 au-dessus du plan de travail et en verre au-dessus de la plaque de cuisson.<br>Places r\u00e9serv\u00e9es pour four et lave-vaisselle.<br><strong>EQUIPEMENTS W.C<br><\/strong>Cuvette de W-C avec r\u00e9servoir et abattant laqu\u00e9 blanc.<br><strong>REV\u00caTEMENTS DE SOLS<br><\/strong>Sols PVC en l\u00e9s dans les pi\u00e8ces principales et pi\u00e8ces de services.<\/p>\n\n\n\n<p><strong>TERRASSES ET JARDINS PRIVATIFS<br><\/strong>Certains logements en RDC b\u00e9n\u00e9ficieront d\u2019un ext\u00e9rieur privatif (suivant plans)<br>Terrasses en b\u00e9ton d\u00e9sactiv\u00e9<br>Appliques lumineuses<br>Prises ext\u00e9rieures<br>Robinet de puisage<br>Engazonnement et plantations<\/p>\n\n\n\n<h2 class=\"wp-block-heading\">Se rendre \u00e0 Fosses<\/h2>\n\n\n\n<p>Fosses est une commune du Val d\u2019Oise situ\u00e9e \u00e0 30 km au nord-est de Paris et \u00e0 seulement 20 minutes de l\u2019a\u00e9roport Charles de Gaulle. \u00c0 la fronti\u00e8re du d\u00e9partement de l\u2019Oise, on peut se rendre \u00e0 Chantilly en quelques minutes. On profite \u00e9galement des nombreuses for\u00eats domaniales caract\u00e9risant la r\u00e9gion. La gare de Fosses situ\u00e9e sur la ligne Paris-Nord-Lille est desservie par les trains de la ligne D du RER et vous emm\u00e8ne \u00e0 la gare Paris-Nord en seulement 35 minutes. On acc\u00e8de \u00e9galement tr\u00e8s rapidement \u00e0 l\u2019A1 en seulement 5 minute.<\/p>\n\n\n<div class=\"map_wrapper\" id=\"map_wrapper_1205\">\n<div class=\"map_box\" style=\"max-width:500px\">\n<div class=\"map_aspect_ratio\" style=\"padding-top:56%\" data-padding-top=\"56%\" data-padding-top-mobile=\"\">\n<div class=\"map_container\">\n<div class=\"map_render map_loading\" id=\"map_1205\"><\/div>\n<\/div>\n<\/div>\n<\/div>\n<\/div>\n","protected":false},"excerpt":{"rendered":"<p>21 logements de standing \u00e0 Fosses (95) Vivre \u00e0 Fosse\u2026 Une ville \u00e0 la campagne ! Cette commune de moins de 10 000 habitants poss\u00e8de six \u00e9coles, un coll\u00e8ge et un lyc\u00e9e. Les infrastructures sportives sont d\u00e9finies notamment par deux gymnases, des cours de tennis et une piscine intercommunale. Une r\u00e9sidence id\u00e9alement situ\u00e9e La r\u00e9sidence [&hellip;]<\/p>\n","protected":false},"author":1,"featured_media":0,"parent":0,"menu_order":0,"comment_status":"closed","ping_status":"closed","template":"","meta":{"footnotes":""},"class_list":["post-1197","page","type-page","status-publish","hentry"],"yoast_head":"<!-- This site is optimized with the Yoast SEO plugin v25.3 - https:\/\/yoast.com\/wordpress\/plugins\/seo\/ -->\n<title>Fosses - R\u00e9sidence Les Edelweiss - B&amp;G Promoteur-Constructeur<\/title>\n<meta name=\"robots\" content=\"index, follow, max-snippet:-1, max-image-preview:large, max-video-preview:-1\" \/>\n<link rel=\"canonical\" href=\"https:\/\/bgpromoteur.fr\/index.php\/fosses-residence-les-edelweiss\/\" \/>\n<meta property=\"og:locale\" content=\"fr_FR\" \/>\n<meta property=\"og:type\" content=\"article\" \/>\n<meta property=\"og:title\" content=\"Fosses - R\u00e9sidence Les Edelweiss - B&amp;G Promoteur-Constructeur\" \/>\n<meta property=\"og:description\" content=\"21 logements de standing \u00e0 Fosses (95) Vivre \u00e0 Fosse\u2026 Une ville \u00e0 la campagne ! Cette commune de moins de 10 000 habitants poss\u00e8de six \u00e9coles, un coll\u00e8ge et un lyc\u00e9e. Les infrastructures sportives sont d\u00e9finies notamment par deux gymnases, des cours de tennis et une piscine intercommunale. Une r\u00e9sidence id\u00e9alement situ\u00e9e La r\u00e9sidence [&hellip;]\" \/>\n<meta property=\"og:url\" content=\"https:\/\/bgpromoteur.fr\/index.php\/fosses-residence-les-edelweiss\/\" \/>\n<meta property=\"og:site_name\" content=\"B&amp;G Promoteur-Constructeur\" \/>\n<meta property=\"article:modified_time\" content=\"2025-02-12T13:44:55+00:00\" \/>\n<meta property=\"og:image\" content=\"https:\/\/bgpromoteur.fr\/wp-content\/uploads\/2025\/02\/fosses_slide-1024x321.jpg\" \/>\n<meta name=\"twitter:card\" content=\"summary_large_image\" \/>\n<meta name=\"twitter:label1\" content=\"Dur\u00e9e de lecture estim\u00e9e\" \/>\n\t<meta name=\"twitter:data1\" content=\"3 minutes\" \/>\n<script type=\"application\/ld+json\" class=\"yoast-schema-graph\">{\"@context\":\"https:\/\/schema.org\",\"@graph\":[{\"@type\":\"WebPage\",\"@id\":\"https:\/\/bgpromoteur.fr\/index.php\/fosses-residence-les-edelweiss\/\",\"url\":\"https:\/\/bgpromoteur.fr\/index.php\/fosses-residence-les-edelweiss\/\",\"name\":\"Fosses - R\u00e9sidence Les Edelweiss - B&amp;G Promoteur-Constructeur\",\"isPartOf\":{\"@id\":\"https:\/\/bgpromoteur.fr\/#website\"},\"primaryImageOfPage\":{\"@id\":\"https:\/\/bgpromoteur.fr\/index.php\/fosses-residence-les-edelweiss\/#primaryimage\"},\"image\":{\"@id\":\"https:\/\/bgpromoteur.fr\/index.php\/fosses-residence-les-edelweiss\/#primaryimage\"},\"thumbnailUrl\":\"https:\/\/bgpromoteur.fr\/wp-content\/uploads\/2025\/02\/fosses_slide-1024x321.jpg\",\"datePublished\":\"2023-03-07T16:09:31+00:00\",\"dateModified\":\"2025-02-12T13:44:55+00:00\",\"breadcrumb\":{\"@id\":\"https:\/\/bgpromoteur.fr\/index.php\/fosses-residence-les-edelweiss\/#breadcrumb\"},\"inLanguage\":\"fr-FR\",\"potentialAction\":[{\"@type\":\"ReadAction\",\"target\":[\"https:\/\/bgpromoteur.fr\/index.php\/fosses-residence-les-edelweiss\/\"]}]},{\"@type\":\"ImageObject\",\"inLanguage\":\"fr-FR\",\"@id\":\"https:\/\/bgpromoteur.fr\/index.php\/fosses-residence-les-edelweiss\/#primaryimage\",\"url\":\"https:\/\/bgpromoteur.fr\/wp-content\/uploads\/2025\/02\/fosses_slide.jpg\",\"contentUrl\":\"https:\/\/bgpromoteur.fr\/wp-content\/uploads\/2025\/02\/fosses_slide.jpg\",\"width\":1920,\"height\":601},{\"@type\":\"BreadcrumbList\",\"@id\":\"https:\/\/bgpromoteur.fr\/index.php\/fosses-residence-les-edelweiss\/#breadcrumb\",\"itemListElement\":[{\"@type\":\"ListItem\",\"position\":1,\"name\":\"Accueil\",\"item\":\"https:\/\/bgpromoteur.fr\/\"},{\"@type\":\"ListItem\",\"position\":2,\"name\":\"Fosses &#8211; R\u00e9sidence Les Edelweiss\"}]},{\"@type\":\"WebSite\",\"@id\":\"https:\/\/bgpromoteur.fr\/#website\",\"url\":\"https:\/\/bgpromoteur.fr\/\",\"name\":\"B&amp;G Promoteur-Constructeur\",\"description\":\"\",\"publisher\":{\"@id\":\"https:\/\/bgpromoteur.fr\/#organization\"},\"potentialAction\":[{\"@type\":\"SearchAction\",\"target\":{\"@type\":\"EntryPoint\",\"urlTemplate\":\"https:\/\/bgpromoteur.fr\/?s={search_term_string}\"},\"query-input\":{\"@type\":\"PropertyValueSpecification\",\"valueRequired\":true,\"valueName\":\"search_term_string\"}}],\"inLanguage\":\"fr-FR\"},{\"@type\":\"Organization\",\"@id\":\"https:\/\/bgpromoteur.fr\/#organization\",\"name\":\"B&G Promoteur-Constructeur\",\"url\":\"https:\/\/bgpromoteur.fr\/\",\"logo\":{\"@type\":\"ImageObject\",\"inLanguage\":\"fr-FR\",\"@id\":\"https:\/\/bgpromoteur.fr\/#\/schema\/logo\/image\/\",\"url\":\"https:\/\/bgpromoteur.fr\/wp-content\/uploads\/2021\/06\/logobg_facebook.jpg\",\"contentUrl\":\"https:\/\/bgpromoteur.fr\/wp-content\/uploads\/2021\/06\/logobg_facebook.jpg\",\"width\":200,\"height\":200,\"caption\":\"B&G Promoteur-Constructeur\"},\"image\":{\"@id\":\"https:\/\/bgpromoteur.fr\/#\/schema\/logo\/image\/\"}}]}<\/script>\n<!-- \/ Yoast SEO plugin. -->","yoast_head_json":{"title":"Fosses - R\u00e9sidence Les Edelweiss - B&amp;G Promoteur-Constructeur","robots":{"index":"index","follow":"follow","max-snippet":"max-snippet:-1","max-image-preview":"max-image-preview:large","max-video-preview":"max-video-preview:-1"},"canonical":"https:\/\/bgpromoteur.fr\/index.php\/fosses-residence-les-edelweiss\/","og_locale":"fr_FR","og_type":"article","og_title":"Fosses - R\u00e9sidence Les Edelweiss - B&amp;G Promoteur-Constructeur","og_description":"21 logements de standing \u00e0 Fosses (95) Vivre \u00e0 Fosse\u2026 Une ville \u00e0 la campagne ! Cette commune de moins de 10 000 habitants poss\u00e8de six \u00e9coles, un coll\u00e8ge et un lyc\u00e9e. Les infrastructures sportives sont d\u00e9finies notamment par deux gymnases, des cours de tennis et une piscine intercommunale. Une r\u00e9sidence id\u00e9alement situ\u00e9e La r\u00e9sidence [&hellip;]","og_url":"https:\/\/bgpromoteur.fr\/index.php\/fosses-residence-les-edelweiss\/","og_site_name":"B&amp;G Promoteur-Constructeur","article_modified_time":"2025-02-12T13:44:55+00:00","og_image":[{"url":"https:\/\/bgpromoteur.fr\/wp-content\/uploads\/2025\/02\/fosses_slide-1024x321.jpg","type":"","width":"","height":""}],"twitter_card":"summary_large_image","twitter_misc":{"Dur\u00e9e de lecture estim\u00e9e":"3 minutes"},"schema":{"@context":"https:\/\/schema.org","@graph":[{"@type":"WebPage","@id":"https:\/\/bgpromoteur.fr\/index.php\/fosses-residence-les-edelweiss\/","url":"https:\/\/bgpromoteur.fr\/index.php\/fosses-residence-les-edelweiss\/","name":"Fosses - R\u00e9sidence Les Edelweiss - B&amp;G Promoteur-Constructeur","isPartOf":{"@id":"https:\/\/bgpromoteur.fr\/#website"},"primaryImageOfPage":{"@id":"https:\/\/bgpromoteur.fr\/index.php\/fosses-residence-les-edelweiss\/#primaryimage"},"image":{"@id":"https:\/\/bgpromoteur.fr\/index.php\/fosses-residence-les-edelweiss\/#primaryimage"},"thumbnailUrl":"https:\/\/bgpromoteur.fr\/wp-content\/uploads\/2025\/02\/fosses_slide-1024x321.jpg","datePublished":"2023-03-07T16:09:31+00:00","dateModified":"2025-02-12T13:44:55+00:00","breadcrumb":{"@id":"https:\/\/bgpromoteur.fr\/index.php\/fosses-residence-les-edelweiss\/#breadcrumb"},"inLanguage":"fr-FR","potentialAction":[{"@type":"ReadAction","target":["https:\/\/bgpromoteur.fr\/index.php\/fosses-residence-les-edelweiss\/"]}]},{"@type":"ImageObject","inLanguage":"fr-FR","@id":"https:\/\/bgpromoteur.fr\/index.php\/fosses-residence-les-edelweiss\/#primaryimage","url":"https:\/\/bgpromoteur.fr\/wp-content\/uploads\/2025\/02\/fosses_slide.jpg","contentUrl":"https:\/\/bgpromoteur.fr\/wp-content\/uploads\/2025\/02\/fosses_slide.jpg","width":1920,"height":601},{"@type":"BreadcrumbList","@id":"https:\/\/bgpromoteur.fr\/index.php\/fosses-residence-les-edelweiss\/#breadcrumb","itemListElement":[{"@type":"ListItem","position":1,"name":"Accueil","item":"https:\/\/bgpromoteur.fr\/"},{"@type":"ListItem","position":2,"name":"Fosses &#8211; R\u00e9sidence Les Edelweiss"}]},{"@type":"WebSite","@id":"https:\/\/bgpromoteur.fr\/#website","url":"https:\/\/bgpromoteur.fr\/","name":"B&amp;G Promoteur-Constructeur","description":"","publisher":{"@id":"https:\/\/bgpromoteur.fr\/#organization"},"potentialAction":[{"@type":"SearchAction","target":{"@type":"EntryPoint","urlTemplate":"https:\/\/bgpromoteur.fr\/?s={search_term_string}"},"query-input":{"@type":"PropertyValueSpecification","valueRequired":true,"valueName":"search_term_string"}}],"inLanguage":"fr-FR"},{"@type":"Organization","@id":"https:\/\/bgpromoteur.fr\/#organization","name":"B&G Promoteur-Constructeur","url":"https:\/\/bgpromoteur.fr\/","logo":{"@type":"ImageObject","inLanguage":"fr-FR","@id":"https:\/\/bgpromoteur.fr\/#\/schema\/logo\/image\/","url":"https:\/\/bgpromoteur.fr\/wp-content\/uploads\/2021\/06\/logobg_facebook.jpg","contentUrl":"https:\/\/bgpromoteur.fr\/wp-content\/uploads\/2021\/06\/logobg_facebook.jpg","width":200,"height":200,"caption":"B&G Promoteur-Constructeur"},"image":{"@id":"https:\/\/bgpromoteur.fr\/#\/schema\/logo\/image\/"}}]}},"_links":{"self":[{"href":"https:\/\/bgpromoteur.fr\/index.php\/wp-json\/wp\/v2\/pages\/1197","targetHints":{"allow":["GET"]}}],"collection":[{"href":"https:\/\/bgpromoteur.fr\/index.php\/wp-json\/wp\/v2\/pages"}],"about":[{"href":"https:\/\/bgpromoteur.fr\/index.php\/wp-json\/wp\/v2\/types\/page"}],"author":[{"embeddable":true,"href":"https:\/\/bgpromoteur.fr\/index.php\/wp-json\/wp\/v2\/users\/1"}],"replies":[{"embeddable":true,"href":"https:\/\/bgpromoteur.fr\/index.php\/wp-json\/wp\/v2\/comments?post=1197"}],"version-history":[{"count":10,"href":"https:\/\/bgpromoteur.fr\/index.php\/wp-json\/wp\/v2\/pages\/1197\/revisions"}],"predecessor-version":[{"id":1797,"href":"https:\/\/bgpromoteur.fr\/index.php\/wp-json\/wp\/v2\/pages\/1197\/revisions\/1797"}],"wp:attachment":[{"href":"https:\/\/bgpromoteur.fr\/index.php\/wp-json\/wp\/v2\/media?parent=1197"}],"curies":[{"name":"wp","href":"https:\/\/api.w.org\/{rel}","templated":true}]}}